ulate the greatest common divisor of x and a.
8
Let u(i) = -i + 16. Let j be u(-6). Let o be j/1*(24 - -2). What is the greatest common factor of 52 and o?
52
Suppose -127 = -18*q + 132 - 43. What is the highest common divisor of 996 and q?
12
Let q be 37*(68/238 + (-26)/(-7)). What is the greatest common divisor of 4588 and q?
148
Let d = 3308 - 3242. Calculate the greatest common factor of d and 154.
22
Let a = -4170 + 4547. What is the highest common factor of 104 and a?
13
Let r be (81/(-54) - 217/(-2))*(27 + -4). What is the highest common factor of r and 46?
23
Let n be ((-206)/4)/(-1) - (-13)/(-26). Suppose 3*w - 135 = -4*k, -2*k = -2*w - 27 - n. What is the highest common factor of k and 24?
12
Let o be 36/4 + (-18 - -14). Suppose 2*k - 1615 = -0*k + 5*p, 2403 = 3*k - p. Suppose 100 = o*f - k. What is the highest common factor of 20 and f?
20
Suppose 2*l + 14 - 50 = 4. Suppose -30 - 290 = -z. Calculate the highest common divisor of l and z.
20
Suppose 2*s + 8*m - 368 = 0, -40 = -18*m + 23*m. Let r be (-160)/(-6) + 1/3. Calculate the highest common divisor of r and s.
27
Suppose -106 - 38 = -9*u. Let v be 149 - (1 + 0)*(15 - u). What is the greatest common factor of 60 and v?
30
Suppose -29*m = 58*m + 47*m - 4958. What is the greatest common divisor of m and 34003?
37
Let t be -8 - (-17 + 6) - (-1 - -37). Let l(j) = 4*j + 222. Let s be l(t). Calculate the highest common divisor of s and 198.
18
Let r = 233 - 165. Suppose -66*t + r*t - 12 = 0. What is the greatest common divisor of t and 14?
2
Suppose -14 = 5*r - 89. Suppose 0 = 188*n - 273*n + 169 + 341. Calculate the highest common divisor of r and n.
3
Suppose 4*h = 2 + 10. Let j = -322 - -324. Suppose -j*q = 11*q - 39. What is the greatest common factor of h and q?
3
Suppose -2*d + d = -28. Suppose -149*i + 18*i = -2620. What is the highest common factor of d and i?
4
Let r be (-1)/((-6 + 8)/(-48)). Let f(w) = w**2 + 9*w - 34. Let o be f(-18). Calculate the greatest common divisor of r and o.
8
Let j be (633 + 0)*((-99)/1485 - 4/(-10)). What is the greatest common factor of j and 15825?
211
Let f be (0 + 2)/(4/6). Suppose 5*r + 27 = f*o - 16, -r - 35 = -3*o. Let a = -3762 + 3784. What is the highest common divisor of a and o?
11
Let z = 62 + -59. Suppose -6 = -d - 3*t, z*d = d - 5*t + 15. Suppose 4*r + 4*q = 10 - 6, -27 = -2*r + 3*q. What is the greatest common divisor of d and r?
3
Suppose -1232 = -317*u + 325*u. Let h be (792/u)/((-1)/70). Calculate the highest common divisor of h and 45.
45
Let f be -4*(-21)/(-28)*-1. Suppose 2*c + 5 = f*c, 3*v - 29 = -4*c. Calculate the highest common factor of 243 and v.
3
Suppose -5*s + 110 = 5*r, -3*s - 1298 = r - 1332. What is the highest common factor of 428 and r?
4
Let h be (-6)/2 + (-88)/(0 + -4). Let y = h + -11. Let w = y - 0. Calculate the highest common divisor of w and 72.
8
Suppose 0 = -6*u + 3*u + 819. Suppose 0 = -175*r + 222*r - 3602 - 64. What is the greatest common factor of u and r?
39
Let b be (95/(-20) - -4)*-4. Let k be 176 + b*(4 + (-56)/12). Calculate the highest common divisor of 3 and k.
3
Let h be 584 + (-2 - (30/6)/5). Let b = h + -506. What is the highest common factor of 275 and b?
25
Let a(d) = 591*d + 6135. Let y be a(7). What is the greatest common factor of y and 60?
12
Let l be ((-90)/4)/(-3)*(-2)/(-3). Suppose -l*h + 11 + 9 = 0. Suppose h*g = 7 + 5. What is the greatest common factor of g and 21?
3
Let b be 372/(-15)*10/(-4). Suppose 2*p + 0*p = -5*g + 639, -2*p = 4*g - 512. Suppose 2*y - g - 183 = 0. What is the greatest common factor of b and y?
31
Suppose -f + 4*f = 18. Let q(w) = 4*w - 1 + 13 + 6*w. Let v be q(f). Calculate the greatest common factor of 8 and v.
8
Let g be (1/3)/((-3)/15)*(15 + -414). Calculate the highest common divisor of 10 and g.
5
Let l = 9794 + -9769. What is the highest common divisor of 675 and l?
25
Let n(d) = -28*d**3 - 18*d**2 - 16*d + 2. Let t be n(-1). What is the greatest common factor of 98 and t?
14
Let n(l) = -2*l**2 + 23*l - 38. Let a be n(9). Let q be -2 - -42 - (5 - a). What is the highest common divisor of q and 196?
14
Suppose -2*z - u - 29 = 0, z + 13 = -117*u + 118*u. Let m = 30 - 42. Let t be 11*7*m/z. Calculate the highest common factor of 165 and t.
33
Let q(a) = 3*a**2 - 29*a - 5. Let u = -139 + 149. Let b be q(u). What is the greatest common divisor of b and 2?
1
Suppose -2*s + 3 = 2*n - 3, 2*n + s - 6 = 0. Suppose -n*a - 28 = -5*v, 0*a = -5*v - a + 44. Calculate the highest common divisor of 88 and v.
8
Let w(z) = 320*z + 735. Let o be w(-2). Calculate the greatest common divisor of o and 155.
5
Suppose 40938 = 5*d + 4*z, -5*d - 41*z + 40924 = -44*z. Calculate the highest common factor of d and 2.
2
Let u = -88 + 98. Suppose 54 = u*c - c. Let k = 87 + -33. What is the highest common factor of k and c?
6
Let l(g) = g + 34. Let o be l(-7). Suppose 3*v - 62 = -2*s - 20, v + 5*s = o. Calculate the highest common divisor of 504 and v.
12
Let n(w) = -w**3 - w**2 + 43. Let z be n(0). Let p(a) = a**3 + 20*a**2 + 71*a - 17. Let y be p(-15). Calculate the greatest common factor of y and z.
43
Let j = -1173 + 1184. Let c = 165 + 135. Suppose q + c = j*q. What is the highest common factor of 6 and q?
6
Let t be (-80)/(-16)*8/(-5). Let x be (t/(-18))/(16/504). Let s = 8 - -20. What is the highest common factor of s and x?
14
Suppose 1088 = 4*w - t, 5*t - 6*t = -3*w + 816. Suppose -f - w = -18*f. What is the highest common factor of 52 and f?
4
Let u be ((-76)/(-38))/((-4)/(-22)). Suppose 0 = -5*a - 10, -a + 23 = 2*p - u. What is the greatest common factor of p and 738?
18
Suppose -4*n = 3*r - 177 + 1, -88 = -2*n - 5*r. What is the highest common divisor of 728 and n?
4
Let s(a) = 27*a**2 + 71*a + 82. Let r be s(16). Calculate the highest common factor of r and 15.
15
Suppose 721 = 89*f - 169. What is the greatest common factor of 70 and f?
10
Suppose -378 = 9*p - 6*p. Let i = p + 148. What is the greatest common factor of i and 33?
11
Suppose -74 = -3*s + 67. Let f = 56 - s. Suppose -3*r = o - 11, -o = -0*r + r - f. What is the highest common divisor of 20 and o?
4
Let r = 324 - 298. Suppose 13*h = -503 + 2024. What is the greatest common divisor of r and h?
13
Let a be (12/10)/((-4)/(60/(-9))). Let t(u) = -u**3 + 3*u**2 + u + 2. Let y be t(a). Calculate the greatest common factor of y and 5.
1
Suppose 2*a - 218 = -4*y, 0 = 2*y + y - a - 151. Suppose -19*z + 9420 = 11*z. Let f = z - 301. What is the highest common factor of y and f?
13
Suppose -8*i - 58 = -250. Calculate the highest common divisor of 1932 and i.
12
Let r(x) = -x**2 - 3*x. Let w be r(-3). Suppose -2*f - 3*f + 15 = w, -4 = 4*d - 4*f. Let j be (d - 0)*10/4. Calculate the greatest common factor of j and 20.
5
Let g = -12164 - -15248. What is the highest common factor of 12 and g?
12
Let z(i) = i**3 + 3*i**2 - 7*i + 14. Let w be z(6). Let m = -170 + w. Calculate the greatest common factor of m and 18.
18
Let q = -54 + 67. Suppose -r - 568 = -q. Let s = 897 + r. Calculate the greatest common factor of s and 38.
38
Let l(s) = -s**2 - 11*s - 13. Let d be l(-9). Let w = 103 - 42. Let u = 106 - w. What is the highest common factor of u and d?
5
Suppose 20*c - 690 = 5*c. Let m = c + 94. Calculate the greatest common divisor of m and 20.
20
Suppose 82 = 2*i + 5*r, -4*r + r = -2*i + 98. Let y(k) = -k**2 - 4*k + 980. Let w be y(-33). Calculate the greatest common factor of i and w.
23
Let i be 1363 + -710 + (0 - -14). Let c be 3/2*116/6. What is the greatest common divisor of c and i?
29
Suppose 133 + 153 = 13*o. Suppose -3*c + 326 = -n, n = -2*c - 4*n + 240. Calculate the highest common factor of c and o.
22
Suppose 4*r - 22947 = 3765. What is the highest common factor of r and 126?
126
Let t be ((-20)/(-50))/(2/60). Suppose 0 = 3*k - 3008 + 1964. What is the highest common divisor of k and t?
12
Let w be 4/30 + (-2143)/(-15). Let d = -139 + w. What is the greatest common divisor of d and 3?
1
Suppose 2276 + 2402 = 2*b - 2*r, -3*b + 2*r = -7009. What is the highest common divisor of 407 and b?
37
Let v be 8*4 - 8/(-4). Suppose -5*l - 831 = -3*q, 5*q - 1079 = q - 3*l. What is the highest common factor of q and v?
34
Let y = -11234 - -11410. Calculate the greatest common factor of y and 1562.
22
Let g be -2 - (-2)/(